{"id":181,"date":"2023-06-01T11:23:10","date_gmt":"2023-06-01T09:23:10","guid":{"rendered":"https:\/\/auersmacher-wollfest.de\/?page_id=181"},"modified":"2026-03-24T18:37:23","modified_gmt":"2026-03-24T17:37:23","slug":"infos-fuer-austeller","status":"publish","type":"page","link":"https:\/\/auersmacher-wollfest.de\/index.php\/infos-fuer-austeller\/","title":{"rendered":"Infos f\u00fcr Austeller"},"content":{"rendered":"\n<p>Liebe Ausstellerinnen und Aussteller unseres 6. Auersmacher Wollfestes,<\/p>\n\n\n\n<p>in diesem Schreiben gibt es alle wichtigen Vorabinformationen.<\/p>\n\n\n\n<p>Sollten Fragen offenbleiben, meldet euch gerne bei mir (+49 (0) 170 470 8829).<\/p>\n\n\n\n<p><strong>Der Aufbau ist samstags von 17.00 Uhr bis 20.00 Uhr m\u00f6glich und<\/strong><\/p>\n\n\n\n<p><strong>sonntags von 07.00 Uhr bis 9.45 Uhr.<\/strong><\/p>\n\n\n\n<p>Anschlie\u00dfend m\u00fcssen alle Fahrzeuge entfernt werden. \u00dcber nahegelegene Parkm\u00f6glichkeiten informieren die Gastgeber vor Ort.<\/p>\n\n\n\n<p><strong>Der Abbau ist am Sonntag ab 17.00 Uhr. Bei besonderem Anlass ist ein fr\u00fcherer Abbau vorher mit den Veranstaltern abzukl\u00e4ren.<\/strong><\/p>\n\n\n\n<p>Einige Stra\u00dfen sind absch\u00fcssig. Evtl. sind Brettchen oder \u00c4hnliches zum Unterlegen &#8211; auch an der Bordsteinkante- sinnvoll. Letztes Jahr war es recht windig. Viele AusstellerInnen haben Steine zum Beschweren des Marktzeltes beim Alten Bauernhaus geliehen. Diese sind mittlerweile verbaut &#8211; also bitte leere Kanister o.\u00c4. bereithalten. Diese k\u00f6nnen am Dorfbrunnen mit Wasser bef\u00fcllt werden.<\/p>\n\n\n\n<p>Im Anhang findet ihr die Ausstellerliste. Den Marktplan werden wir nachreichen.<\/p>\n\n\n\n<p>Ich w\u00fcrde mich sehr freuen, wenn diejenigen, die bei Facebook unterwegs sind, ihre Aktivit\u00e4ten in der Gruppe \u201eAuersmacher Wollfest\u201c mit stimmungsvollen Fotos posten.<\/p>\n\n\n\n<p>Wenn weitere Flyer ben\u00f6tigt werden, bitte Bescheid geben, ich schicke diese umgehend zu.<\/p>\n\n\n\n<p>Das Wollfest wird vom F\u00f6rderkreis Heimatmuseum Dorfgeschichte Auersmacher e.V. in Kooperation mit weiteren Dorfvereinen organisiert. Wir freuen uns, unser Wollfest durch unser Auersmacher Ambiente zu etwas Besonderem zu machen.<\/p>\n\n\n\n<p>Mehrere Scheunen, H\u00f6fe und das Pfarrheim bieten Schutz, falls es zu warm oder zu nass sein sollte, laden diese auch zum gem\u00fctlichen Beisammensein, fachlichem Austausch und Stricken ein.<\/p>\n\n\n\n<p>F\u00fcr das leibliche Wohl bieten wir an:<\/p>\n\n\n\n<p>Traditionellen Flammkuchen aus unserem Backhaus, Getr\u00e4nkestand \u201eM\u00e4nnerkarussell\u201c, Rostwurststand, Eis vom Eiswagen, belegte Baguettes, \u201eKoweneschter\u201c sowie Kaffee und Kuchen. Wir freuen uns, dass wir ein wirklich gutes und breites Angebot haben.<\/p>\n\n\n\n<p>Toiletten stehen in ausreichender Anzahl zur Verf\u00fcgung.<\/p>\n\n\n\n<p>Schafe, Schafschur und Schauspinnen unserer Spinnstube runden das Programm ab.<\/p>\n\n\n\n<p>Als Dankesch\u00f6n daf\u00fcr, dass ihr uns bei unserem 6.Auersmacher Wollfest unterst\u00fctzt, seid ihr selbstverst\u00e4ndlich auch n\u00e4chstes Jahr auf Wunsch dabei.<\/p>\n","protected":false},"excerpt":{"rendered":"<p>Liebe Ausstellerinnen und Aussteller unseres 6. Auersmacher Wollfestes, in diesem Schreiben gibt es alle wichtigen Vorabinformationen. Sollten Fragen offenbleiben, meldet euch gerne bei mir (+49 (0) 170 470 8829). Der Aufbau ist samstags von 17.00 Uhr bis 20.00 Uhr m\u00f6glich und sonntags von 07.00 Uhr bis 9.45 Uhr. Anschlie\u00dfend m\u00fcssen alle Fahrzeuge entfernt werden. \u00dcber [&hellip;]<\/p>\n","protected":false},"author":1,"featured_media":0,"parent":0,"menu_order":0,"comment_status":"closed","ping_status":"closed","template":"","meta":{"footnotes":""},"class_list":["post-181","page","type-page","status-publish","hentry"],"yoast_head":"<!-- This site is optimized with the Yoast SEO plugin v27.5 - https:\/\/yoast.com\/product\/yoast-seo-wordpress\/ -->\n<title>Infos f\u00fcr Austeller - Auersmacher Wollfest<\/title>\n<meta name=\"robots\" content=\"index, follow, max-snippet:-1, max-image-preview:large, max-video-preview:-1\" \/>\n<link rel=\"canonical\" href=\"https:\/\/auersmacher-wollfest.de\/index.php\/infos-fuer-austeller\/\" \/>\n<meta property=\"og:locale\" content=\"de_DE\" \/>\n<meta property=\"og:type\" content=\"article\" \/>\n<meta property=\"og:title\" content=\"Infos f\u00fcr Austeller - Auersmacher Wollfest\" \/>\n<meta property=\"og:description\" content=\"Liebe Ausstellerinnen und Aussteller unseres 6. Auersmacher Wollfestes, in diesem Schreiben gibt es alle wichtigen Vorabinformationen. Sollten Fragen offenbleiben, meldet euch gerne bei mir (+49 (0) 170 470 8829). Der Aufbau ist samstags von 17.00 Uhr bis 20.00 Uhr m\u00f6glich und sonntags von 07.00 Uhr bis 9.45 Uhr. Anschlie\u00dfend m\u00fcssen alle Fahrzeuge entfernt werden. \u00dcber [&hellip;]\" \/>\n<meta property=\"og:url\" content=\"https:\/\/auersmacher-wollfest.de\/index.php\/infos-fuer-austeller\/\" \/>\n<meta property=\"og:site_name\" content=\"Auersmacher Wollfest\" \/>\n<meta property=\"article:modified_time\" content=\"2026-03-24T17:37:23+00:00\" \/>\n<meta name=\"twitter:card\" content=\"summary_large_image\" \/>\n<meta name=\"twitter:label1\" content=\"Gesch\u00e4tzte Lesezeit\" \/>\n\t<meta name=\"twitter:data1\" content=\"2\u00a0Minuten\" \/>\n<script type=\"application\/ld+json\" class=\"yoast-schema-graph\">{\"@context\":\"https:\\\/\\\/schema.org\",\"@graph\":[{\"@type\":\"WebPage\",\"@id\":\"https:\\\/\\\/auersmacher-wollfest.de\\\/index.php\\\/infos-fuer-austeller\\\/\",\"url\":\"https:\\\/\\\/auersmacher-wollfest.de\\\/index.php\\\/infos-fuer-austeller\\\/\",\"name\":\"Infos f\u00fcr Austeller - Auersmacher Wollfest\",\"isPartOf\":{\"@id\":\"https:\\\/\\\/auersmacher-wollfest.de\\\/#website\"},\"datePublished\":\"2023-06-01T09:23:10+00:00\",\"dateModified\":\"2026-03-24T17:37:23+00:00\",\"breadcrumb\":{\"@id\":\"https:\\\/\\\/auersmacher-wollfest.de\\\/index.php\\\/infos-fuer-austeller\\\/#breadcrumb\"},\"inLanguage\":\"de\",\"potentialAction\":[{\"@type\":\"ReadAction\",\"target\":[\"https:\\\/\\\/auersmacher-wollfest.de\\\/index.php\\\/infos-fuer-austeller\\\/\"]}]},{\"@type\":\"BreadcrumbList\",\"@id\":\"https:\\\/\\\/auersmacher-wollfest.de\\\/index.php\\\/infos-fuer-austeller\\\/#breadcrumb\",\"itemListElement\":[{\"@type\":\"ListItem\",\"position\":1,\"name\":\"Startseite\",\"item\":\"https:\\\/\\\/auersmacher-wollfest.de\\\/\"},{\"@type\":\"ListItem\",\"position\":2,\"name\":\"Infos f\u00fcr Austeller\"}]},{\"@type\":\"WebSite\",\"@id\":\"https:\\\/\\\/auersmacher-wollfest.de\\\/#website\",\"url\":\"https:\\\/\\\/auersmacher-wollfest.de\\\/\",\"name\":\"Auersmacher Wollfest\",\"description\":\"\",\"publisher\":{\"@id\":\"https:\\\/\\\/auersmacher-wollfest.de\\\/#organization\"},\"potentialAction\":[{\"@type\":\"SearchAction\",\"target\":{\"@type\":\"EntryPoint\",\"urlTemplate\":\"https:\\\/\\\/auersmacher-wollfest.de\\\/?s={search_term_string}\"},\"query-input\":{\"@type\":\"PropertyValueSpecification\",\"valueRequired\":true,\"valueName\":\"search_term_string\"}}],\"inLanguage\":\"de\"},{\"@type\":\"Organization\",\"@id\":\"https:\\\/\\\/auersmacher-wollfest.de\\\/#organization\",\"name\":\"Auersmacher Wollfest\",\"url\":\"https:\\\/\\\/auersmacher-wollfest.de\\\/\",\"logo\":{\"@type\":\"ImageObject\",\"inLanguage\":\"de\",\"@id\":\"https:\\\/\\\/auersmacher-wollfest.de\\\/#\\\/schema\\\/logo\\\/image\\\/\",\"url\":\"https:\\\/\\\/auersmacher-wollfest.de\\\/wp-content\\\/uploads\\\/2022\\\/04\\\/cropped-kisspng-yarn-wool-knitting-clip-art-yarn-5ac1d0ccecd548.1600116215226513409701.png\",\"contentUrl\":\"https:\\\/\\\/auersmacher-wollfest.de\\\/wp-content\\\/uploads\\\/2022\\\/04\\\/cropped-kisspng-yarn-wool-knitting-clip-art-yarn-5ac1d0ccecd548.1600116215226513409701.png\",\"width\":896,\"height\":900,\"caption\":\"Auersmacher Wollfest\"},\"image\":{\"@id\":\"https:\\\/\\\/auersmacher-wollfest.de\\\/#\\\/schema\\\/logo\\\/image\\\/\"}}]}<\/script>\n<!-- \/ Yoast SEO plugin. -->","yoast_head_json":{"title":"Infos f\u00fcr Austeller - Auersmacher Wollfest","robots":{"index":"index","follow":"follow","max-snippet":"max-snippet:-1","max-image-preview":"max-image-preview:large","max-video-preview":"max-video-preview:-1"},"canonical":"https:\/\/auersmacher-wollfest.de\/index.php\/infos-fuer-austeller\/","og_locale":"de_DE","og_type":"article","og_title":"Infos f\u00fcr Austeller - Auersmacher Wollfest","og_description":"Liebe Ausstellerinnen und Aussteller unseres 6. Auersmacher Wollfestes, in diesem Schreiben gibt es alle wichtigen Vorabinformationen. Sollten Fragen offenbleiben, meldet euch gerne bei mir (+49 (0) 170 470 8829). Der Aufbau ist samstags von 17.00 Uhr bis 20.00 Uhr m\u00f6glich und sonntags von 07.00 Uhr bis 9.45 Uhr. Anschlie\u00dfend m\u00fcssen alle Fahrzeuge entfernt werden. \u00dcber [&hellip;]","og_url":"https:\/\/auersmacher-wollfest.de\/index.php\/infos-fuer-austeller\/","og_site_name":"Auersmacher Wollfest","article_modified_time":"2026-03-24T17:37:23+00:00","twitter_card":"summary_large_image","twitter_misc":{"Gesch\u00e4tzte Lesezeit":"2\u00a0Minuten"},"schema":{"@context":"https:\/\/schema.org","@graph":[{"@type":"WebPage","@id":"https:\/\/auersmacher-wollfest.de\/index.php\/infos-fuer-austeller\/","url":"https:\/\/auersmacher-wollfest.de\/index.php\/infos-fuer-austeller\/","name":"Infos f\u00fcr Austeller - Auersmacher Wollfest","isPartOf":{"@id":"https:\/\/auersmacher-wollfest.de\/#website"},"datePublished":"2023-06-01T09:23:10+00:00","dateModified":"2026-03-24T17:37:23+00:00","breadcrumb":{"@id":"https:\/\/auersmacher-wollfest.de\/index.php\/infos-fuer-austeller\/#breadcrumb"},"inLanguage":"de","potentialAction":[{"@type":"ReadAction","target":["https:\/\/auersmacher-wollfest.de\/index.php\/infos-fuer-austeller\/"]}]},{"@type":"BreadcrumbList","@id":"https:\/\/auersmacher-wollfest.de\/index.php\/infos-fuer-austeller\/#breadcrumb","itemListElement":[{"@type":"ListItem","position":1,"name":"Startseite","item":"https:\/\/auersmacher-wollfest.de\/"},{"@type":"ListItem","position":2,"name":"Infos f\u00fcr Austeller"}]},{"@type":"WebSite","@id":"https:\/\/auersmacher-wollfest.de\/#website","url":"https:\/\/auersmacher-wollfest.de\/","name":"Auersmacher Wollfest","description":"","publisher":{"@id":"https:\/\/auersmacher-wollfest.de\/#organization"},"potentialAction":[{"@type":"SearchAction","target":{"@type":"EntryPoint","urlTemplate":"https:\/\/auersmacher-wollfest.de\/?s={search_term_string}"},"query-input":{"@type":"PropertyValueSpecification","valueRequired":true,"valueName":"search_term_string"}}],"inLanguage":"de"},{"@type":"Organization","@id":"https:\/\/auersmacher-wollfest.de\/#organization","name":"Auersmacher Wollfest","url":"https:\/\/auersmacher-wollfest.de\/","logo":{"@type":"ImageObject","inLanguage":"de","@id":"https:\/\/auersmacher-wollfest.de\/#\/schema\/logo\/image\/","url":"https:\/\/auersmacher-wollfest.de\/wp-content\/uploads\/2022\/04\/cropped-kisspng-yarn-wool-knitting-clip-art-yarn-5ac1d0ccecd548.1600116215226513409701.png","contentUrl":"https:\/\/auersmacher-wollfest.de\/wp-content\/uploads\/2022\/04\/cropped-kisspng-yarn-wool-knitting-clip-art-yarn-5ac1d0ccecd548.1600116215226513409701.png","width":896,"height":900,"caption":"Auersmacher Wollfest"},"image":{"@id":"https:\/\/auersmacher-wollfest.de\/#\/schema\/logo\/image\/"}}]}},"_links":{"self":[{"href":"https:\/\/auersmacher-wollfest.de\/index.php\/wp-json\/wp\/v2\/pages\/181","targetHints":{"allow":["GET"]}}],"collection":[{"href":"https:\/\/auersmacher-wollfest.de\/index.php\/wp-json\/wp\/v2\/pages"}],"about":[{"href":"https:\/\/auersmacher-wollfest.de\/index.php\/wp-json\/wp\/v2\/types\/page"}],"author":[{"embeddable":true,"href":"https:\/\/auersmacher-wollfest.de\/index.php\/wp-json\/wp\/v2\/users\/1"}],"replies":[{"embeddable":true,"href":"https:\/\/auersmacher-wollfest.de\/index.php\/wp-json\/wp\/v2\/comments?post=181"}],"version-history":[{"count":2,"href":"https:\/\/auersmacher-wollfest.de\/index.php\/wp-json\/wp\/v2\/pages\/181\/revisions"}],"predecessor-version":[{"id":212,"href":"https:\/\/auersmacher-wollfest.de\/index.php\/wp-json\/wp\/v2\/pages\/181\/revisions\/212"}],"wp:attachment":[{"href":"https:\/\/auersmacher-wollfest.de\/index.php\/wp-json\/wp\/v2\/media?parent=181"}],"curies":[{"name":"wp","href":"https:\/\/api.w.org\/{rel}","templated":true}]}}

Infos für Austeller

<p>Liebe Ausstellerinnen und Aussteller unseres 6. Auersmacher Wollfestes,</p>



<p>in diesem Schreiben gibt es alle wichtigen Vorabinformationen.</p>



<p>Sollten Fragen offenbleiben, meldet euch gerne bei mir (+49 (0) 170 470 8829).</p>



<p><strong>Der Aufbau ist samstags von 17.00 Uhr bis 20.00 Uhr möglich und</strong></p>



<p><strong>sonntags von 07.00 Uhr bis 9.45 Uhr.</strong></p>



<p>Anschließend müssen alle Fahrzeuge entfernt werden. Über nahegelegene Parkmöglichkeiten informieren die Gastgeber vor Ort.</p>



<p><strong>Der Abbau ist am Sonntag ab 17.00 Uhr. Bei besonderem Anlass ist ein früherer Abbau vorher mit den Veranstaltern abzuklären.</strong></p>



<p>Einige Straßen sind abschüssig. Evtl. sind Brettchen oder Ähnliches zum Unterlegen &#8211; auch an der Bordsteinkante- sinnvoll. Letztes Jahr war es recht windig. Viele AusstellerInnen haben Steine zum Beschweren des Marktzeltes beim Alten Bauernhaus geliehen. Diese sind mittlerweile verbaut &#8211; also bitte leere Kanister o.Ä. bereithalten. Diese können am Dorfbrunnen mit Wasser befüllt werden.</p>



<p>Im Anhang findet ihr die Ausstellerliste. Den Marktplan werden wir nachreichen.</p>



<p>Ich würde mich sehr freuen, wenn diejenigen, die bei Facebook unterwegs sind, ihre Aktivitäten in der Gruppe „Auersmacher Wollfest“ mit stimmungsvollen Fotos posten.</p>



<p>Wenn weitere Flyer benötigt werden, bitte Bescheid geben, ich schicke diese umgehend zu.</p>



<p>Das Wollfest wird vom Förderkreis Heimatmuseum Dorfgeschichte Auersmacher e.V. in Kooperation mit weiteren Dorfvereinen organisiert. Wir freuen uns, unser Wollfest durch unser Auersmacher Ambiente zu etwas Besonderem zu machen.</p>



<p>Mehrere Scheunen, Höfe und das Pfarrheim bieten Schutz, falls es zu warm oder zu nass sein sollte, laden diese auch zum gemütlichen Beisammensein, fachlichem Austausch und Stricken ein.</p>



<p>Für das leibliche Wohl bieten wir an:</p>



<p>Traditionellen Flammkuchen aus unserem Backhaus, Getränkestand „Männerkarussell“, Rostwurststand, Eis vom Eiswagen, belegte Baguettes, „Koweneschter“ sowie Kaffee und Kuchen. Wir freuen uns, dass wir ein wirklich gutes und breites Angebot haben.</p>



<p>Toiletten stehen in ausreichender Anzahl zur Verfügung.</p>



<p>Schafe, Schafschur und Schauspinnen unserer Spinnstube runden das Programm ab.</p>



<p>Als Dankeschön dafür, dass ihr uns bei unserem 6.Auersmacher Wollfest unterstützt, seid ihr selbstverständlich auch nächstes Jahr auf Wunsch dabei.</p>

<p>Liebe Ausstellerinnen und Aussteller unseres 6. Auersmacher Wollfestes, in diesem Schreiben gibt es alle wichtigen Vorabinformationen. Sollten Fragen offenbleiben, meldet euch gerne bei mir (+49 (0) 170 470 8829). Der Aufbau ist samstags von 17.00 Uhr bis 20.00 Uhr möglich und sonntags von 07.00 Uhr bis 9.45 Uhr. Anschließend müssen alle Fahrzeuge entfernt werden. Über [&hellip;]</p>

<!-- This site is optimized with the Yoast SEO plugin v27.5 - https://yoast.com/product/yoast-seo-wordpress/ -->
<title>Infos für Austeller - Auersmacher Wollfest</title>
<meta name="robots" content="index, follow, max-snippet:-1, max-image-preview:large, max-video-preview:-1" />
<link rel="canonical" href="https://auersmacher-wollfest.de/index.php/infos-fuer-austeller/" />
<meta property="og:locale" content="de_DE" />
<meta property="og:type" content="article" />
<meta property="og:title" content="Infos für Austeller - Auersmacher Wollfest" />
<meta property="og:description" content="Liebe Ausstellerinnen und Aussteller unseres 6. Auersmacher Wollfestes, in diesem Schreiben gibt es alle wichtigen Vorabinformationen. Sollten Fragen offenbleiben, meldet euch gerne bei mir (+49 (0) 170 470 8829). Der Aufbau ist samstags von 17.00 Uhr bis 20.00 Uhr möglich und sonntags von 07.00 Uhr bis 9.45 Uhr. Anschließend müssen alle Fahrzeuge entfernt werden. Über [&hellip;]" />
<meta property="og:url" content="https://auersmacher-wollfest.de/index.php/infos-fuer-austeller/" />
<meta property="og:site_name" content="Auersmacher Wollfest" />
<meta property="article:modified_time" content="2026-03-24T17:37:23+00:00" />
<meta name="twitter:card" content="summary_large_image" />
<meta name="twitter:label1" content="Geschätzte Lesezeit" />
	<meta name="twitter:data1" content="2 Minuten" />
<script type="application/ld+json" class="yoast-schema-graph">{"@context":"https:\/\/schema.org","@graph":[{"@type":"WebPage","@id":"https:\/\/auersmacher-wollfest.de\/index.php\/infos-fuer-austeller\/","url":"https:\/\/auersmacher-wollfest.de\/index.php\/infos-fuer-austeller\/","name":"Infos für Austeller - Auersmacher Wollfest","isPartOf":{"@id":"https:\/\/auersmacher-wollfest.de\/#website"},"datePublished":"2023-06-01T09:23:10+00:00","dateModified":"2026-03-24T17:37:23+00:00","breadcrumb":{"@id":"https:\/\/auersmacher-wollfest.de\/index.php\/infos-fuer-austeller\/#breadcrumb"},"inLanguage":"de","potentialAction":[{"@type":"ReadAction","target":["https:\/\/auersmacher-wollfest.de\/index.php\/infos-fuer-austeller\/"]}]},{"@type":"BreadcrumbList","@id":"https:\/\/auersmacher-wollfest.de\/index.php\/infos-fuer-austeller\/#breadcrumb","itemListElement":[{"@type":"ListItem","position":1,"name":"Startseite","item":"https:\/\/auersmacher-wollfest.de\/"},{"@type":"ListItem","position":2,"name":"Infos für Austeller"}]},{"@type":"WebSite","@id":"https:\/\/auersmacher-wollfest.de\/#website","url":"https:\/\/auersmacher-wollfest.de\/","name":"Auersmacher Wollfest","description":"","publisher":{"@id":"https:\/\/auersmacher-wollfest.de\/#organization"},"potentialAction":[{"@type":"SearchAction","target":{"@type":"EntryPoint","urlTemplate":"https:\/\/auersmacher-wollfest.de\/?s={search_term_string}"},"query-input":{"@type":"PropertyValueSpecification","valueRequired":true,"valueName":"search_term_string"}}],"inLanguage":"de"},{"@type":"Organization","@id":"https:\/\/auersmacher-wollfest.de\/#organization","name":"Auersmacher Wollfest","url":"https:\/\/auersmacher-wollfest.de\/","logo":{"@type":"ImageObject","inLanguage":"de","@id":"https:\/\/auersmacher-wollfest.de\/#\/schema\/logo\/image\/","url":"https:\/\/auersmacher-wollfest.de\/wp-content\/uploads\/2022\/04\/cropped-kisspng-yarn-wool-knitting-clip-art-yarn-5ac1d0ccecd548.1600116215226513409701.png","contentUrl":"https:\/\/auersmacher-wollfest.de\/wp-content\/uploads\/2022\/04\/cropped-kisspng-yarn-wool-knitting-clip-art-yarn-5ac1d0ccecd548.1600116215226513409701.png","width":896,"height":900,"caption":"Auersmacher Wollfest"},"image":{"@id":"https:\/\/auersmacher-wollfest.de\/#\/schema\/logo\/image\/"}}]}</script>
<!-- / Yoast SEO plugin. -->

Infos für Austeller - Auersmacher Wollfest

Liebe Ausstellerinnen und Aussteller unseres 6. Auersmacher Wollfestes, in diesem Schreiben gibt es alle wichtigen Vorabinformationen. Sollten Fragen offenbleiben, meldet euch gerne bei mir (+49 (0) 170 470 8829). Der Aufbau ist samstags von 17.00 Uhr bis 20.00 Uhr möglich und sonntags von 07.00 Uhr bis 9.45 Uhr. Anschließend müssen alle Fahrzeuge entfernt werden. Über [&hellip;]
